number?
True
Is 496061311 prime?
True
Is 726826447 a composite number?
False
Is 8965852813 composite?
True
Is 16880665363 a prime number?
False
Is 75299149 prime?
False
Is 1593277493 composite?
False
Is 25193106002 a prime number?
False
Is 32603762441 composite?
False
Is 55690067 a composite number?
False
Is 845341769 a composite number?
True
Is 246391199 composite?
False
Is 84738530759 composite?
True
Is 5032231527 prime?
False
Is 63234741361 a prime number?
False
Is 2820626687 a prime number?
True
Is 38428750709 composite?
False
Is 1237535423 prime?
True
Is 101440447 prime?
False
Is 2205394757 composite?
False
Is 402208481 prime?
False
Is 46583393063 composite?
True
Is 4331405473 composite?
False
Is 23346599791 composite?
False
Is 7810850417 a composite number?
True
Is 334938509 composite?
True
Is 30523099433 composite?
False
Is 6129754493 a prime number?
False
Is 100131812867 prime?
True
Is 207360239 a prime number?
True
Is 237938803 prime?
True
Is 858687877 a composite number?
False
Is 659463817 a composite number?
True
Is 4899921161 composite?
False
Is 2291898057 a composite number?
True
Is 53383829183 composite?
True
Is 18776197 composite?
True
Is 145901277997 a prime number?
True
Is 71265073541 a composite number?
True
Is 164783279549 composite?
True
Is 451202567 prime?
True
Is 38506744873 prime?
True
Is 866872813 composite?
False
Is 7074518147 a composite number?
False
Is 50581600037 prime?
False
Is 1891922507 prime?
True
Is 1753453721 composite?
True
Is 46076646013 prime?
False
Is 1829178449 prime?
False
Is 166356061 prime?
False
Is 4214815687 a composite number?
False
Is 65901609781 a prime number?
False
Is 4667130427 composite?
True
Is 1592455355 prime?
False
Is 80258305 prime?
False
Is 5375999857 a prime number?
True
Is 742005169 a prime number?
False
Is 3761038867 prime?
False
Is 182223159623 a composite number?
False
Is 398129735 composite?
True
Is 3778946513 prime?
True
Is 380220553 prime?
False
Is 72586883653 composite?
False
Is 1295013169 a composite number?
True
Is 391730719 composite?
False
Is 268435393 a prime number?
False
Is 30751968467 composite?
True
Is 1713374129 prime?
True
Is 1009609351 a prime number?
True
Is 534426107 composite?
False
Is 39889505839 prime?
True
Is 6177709877 composite?
True
Is 4604226421 a composite number?
True
Is 2542122773 a composite number?
True
Is 7197849073 a composite number?
True
Is 7019317699 a composite number?
False
Is 176182751 a prime number?
True
Is 2338843609 a composite number?
True
Is 113511239 a composite number?
True
Is 56536217 a composite number?
True
Is 72446947 composite?
True
Is 325920598505 a prime number?
False
Is 7191998483 a prime number?
True
Is 4280581057 a prime number?
True
Is 6564926167 prime?
True
Is 8935288123 a composite number?
False
Is 5187196543 composite?
True
Is 42871459 a composite number?
False
Is 303342717 a composite number?
True
Is 3068964391 a prime number?
True
Is 327350711 composite?
False
Is 49404952343 a prime number?
True
Is 16530740441 a prime number?
False
Is 604816453 prime?
True
Is 979636507 composite?
False
Is 5858668999 a prime number?
True
Is 2186331491 composite?
True
Is 822615899 composite?
True
Is 35289334651 a prime number?
True
Is 15509048003 prime?
False
Is 35362688437 prime?
True
Is 185389320101 prime?
False
Is 708106493 a composite number?
True
Is 14510062447 prime?
True
Is 40645102751 a prime number?
False
Is 15037817491 composite?
False
Is 132320378969 a composite number?
False
Is 50362634731 prime?
False
Is 1599017363 a composite number?
False
Is 3743140457 composite?
True
Is 996633437 prime?
True
Is 726184549 composite?
False
Is 15521459441 prime?
True
Is 54741373535 composite?
True
Is 43106160037 a prime number?
False
Is 2712523817 a prime number?
True
Is 451329101 prime?
False
Is 184524686 composite?
True
Is 1702603967 composite?
True
Is 2730353497 composite?
True
Is 197418103 prime?
False
Is 2811047627 a composite number?
False
Is 2102565434 a prime number?
False
Is 3989768051 a prime number?
True
Is 12678178967 composite?
False
Is 149893727813 composite?
False
Is 256272182 a prime number?
False
Is 299272082 composite?
True
Is 4780166173 composite?
True
Is 602398283 a prime number?
False
Is 20284450819 a composite number?
False
Is 368152961 a composite number?
True
Is 241700257 prime?
True
Is 1153644959 a composite number?
True
Is 6385507811 prime?
True
Is 3705279437 a prime number?
False
Is 1601057129 composite?
True
Is 3805736971 a composite number?
False
Is 178400594441 a composite number?
False
Is 149758675643 composite?
True
Is 97124003 composite?
True
Is 29760562369 a composite number?
False
Is 25841760917 prime?
False
Is 396533821 prime?
True
Is 33022386641 a composite number?
False
Is 158135528839 prime?
True
Is 22971095447 composite?
True
Is 48694093562 prime?
False
Is 73141516471 a composite number?
False
Is 848984039 a prime number?
True
Is 1068168541 a composite number?
True
Is 145885216881 composite?
True
Is 30950103851 composite?
True
Is 54565945441 a composite number?
True
Is 59291927 a composite number?
False
Is 47717136451 a prime number?
False
Is 1044384527 a prime number?
True
Is 22334727521 composite?
True
Is 2532403403 a composite number?
False
Is 34777364537 prime?
True
Is 7613058119 composite?
False
Is 68787379 composite?
True
Is 3093124553 prime?
False
Is 314431631 a prime number?
True
Is 3881008777 a prime number?
False
Is 15640344529 a prime number?
True
Is 474439037 a prime number?
False
Is 16888994891 prime?
False
Is 2325657053 a composite number?
False
Is 10140042617 prime?
True
Is 19582650773 a composite number?
True
Is 576760783 a prime number?
True
Is 2867276983 prime?
False
Is 3121053697 a composite number?
True
Is 192416677 prime?
True
Is 2130919183 a composite number?
True
Is 15218167093 prime?
False
Is 7584928157 a prime number?
False
Is 954866681 prime?
False
Is 131938593953 composite?
False
Is 68397629 composite?
False
Is 44622040214 a prime number?
False
Is 580644653 composite?
True
Is 497176223 a prime number?
False
Is 83771417 prime?
True
Is 5331321221 a prime number?
True
Is 24026903081 composite?
False
Is 4015831503 prime?
False
Is 1935368543 composite?
False
Is 18242399671 a prime number?
True
Is 797748591 prime?
False
Is 91772657 a prime number?
True
Is 2416736879 a prime number?
True
Is 2018795819 a prime number?
True
Is 5150594973 prime?
False
Is 312505253 prime?
True
Is 66645372517 a composite number?
True
Is 162779689 prime?
False
Is 2835327613 a prime number?
False
Is 225972631 a composite number?
True
Is 8896332899 a prime number?
True
Is 35302424609 a composite number?
True
Is 127504896307 a prime number?
False
Is 344282773 a composite number?
False
Is 6596274661 a prime number?
False
Is 50632357291 a composite number?
False
Is 1126391429 prime?
True
Is 1301311657 composite?
False
Is 5736591089 a composite number?
False
Is 778300459 a composite number?
True
Is 1032068123 composite?
False
Is 10898499553 a composite number?
True
Is 2412545305 composite?
True
Is 4688154035 a prime number?
False
Is 695475533 prime?
False
Is 6038202529 prime?
False
Is 1540047809 a prime number?
False
Is 21501452873 a prime number?
False
Is 17043631643 prime?
True
Is 583619818471 a prime number?
True
Is 27425975041 a prime number?
True
Is 1515489121 a prime number?
True
Is 2990858369 a prime number?
True
Is 30898013 prime?
True
Is 30639244057 a composite number?
False
Is 6869490251 a composite number?
True
Is 31501154551 a prime number?
True
Is 149321827 a prime number?
True
Is 66298994453 a composite number?
True
Is 1425175387 a prime number?
False
Is 1215220807 composite?
True
Is 14082387603 composite?
True
Is 1262615597 a composite number?
True
Is 500603087 prime?
True
Is 337176737 a prime number?
False
Is 116672010077 a prime number?
False
Is 1090010249 a composite number?
False
Is 20860938151 prime?
True
Is 7077055793 a composite number?
True
Is 24162020539 prime?
True
Is 1536587593 composite?
True
Is 52361039 prime?
True
Is 1767041119 composite?
True
Is 1429055939 a prime number?
False
Is 17855306141 a prime number?
False
Is 1674443053 a composite number?
True
Is 106040316651 prime?
False
Is 3003035933 prime?
True
Is 73377695177 a composite number?
False
Is 779795869 a composite number